e prime factors of 7450.
2, 5, 149
List the prime factors of 21161166.
2, 3, 13, 41, 509
List the prime factors of 44310.
2, 3, 5, 7, 211
List the prime factors of 362451.
3, 120817
What are the prime factors of 441195?
3, 5, 67, 439
List the prime factors of 28274703.
3, 829, 11369
What are the prime factors of 344060?
2, 5, 17203
List the prime factors of 37409.
37409
What are the prime factors of 18441595?
5, 41, 89959
List the prime factors of 9123406.
2, 59, 77317
List the prime factors of 3415238.
2, 199, 8581
List the prime factors of 17207517.
3, 277, 20707
List the prime factors of 8214129.
3, 7, 11, 439
What are the prime factors of 1358109?
3, 150901
List the prime factors of 410495.
5, 19, 29, 149
List the prime factors of 6598382.
2, 7, 471313
What are the prime factors of 1059909?
3, 23, 15361
List the prime factors of 1590278.
2, 795139
What are the prime factors of 162396?
2, 3, 13, 347
What are the prime factors of 271972?
2, 67993
What are the prime factors of 116633?
11, 23, 461
What are the prime factors of 2555370?
2, 3, 5, 28393
What are the prime factors of 1111311?
3, 123479
What are the prime factors of 60950?
2, 5, 23, 53
List the prime factors of 150234.
2, 3, 7, 73
List the prime factors of 6341662.
2, 29, 53, 2063
List the prime factors of 445718.
2, 7, 13, 31, 79
What are the prime factors of 4725767?
211, 22397
What are the prime factors of 6435684?
2, 3, 53, 3373
List the prime factors of 454583.
233, 1951
What are the prime factors of 2520974?
2, 1260487
List the prime factors of 778942.
2, 67, 5813
What are the prime factors of 448317?
3, 109, 457
List the prime factors of 187008.
2, 3, 487
What are the prime factors of 1285156?
2, 321289
What are the prime factors of 250497?
3, 13, 2141
What are the prime factors of 2483117?
7, 13, 2099
List the prime factors of 3616978.
2, 1808489
What are the prime factors of 1868897?
19, 31, 167
What are the prime factors of 916379?
37, 24767
What are the prime factors of 612796?
2, 239, 641
List the prime factors of 40293852.
2, 3, 47, 71443
What are the prime factors of 6532438?
2, 11, 296929
List the prime factors of 1012138.
2, 23, 22003
List the prime factors of 311419.
311419
List the prime factors of 522376.
2, 17, 23, 167
List the prime factors of 1832430.
2, 3, 5, 17, 3593
What are the prime factors of 300497?
300497
List the prime factors of 9318800.
2, 5, 23297
What are the prime factors of 50833?
50833
What are the prime factors of 16326946?
2, 8163473
List the prime factors of 2950799.
2950799
What are the prime factors of 23849076?
2, 3, 127, 15649
List the prime factors of 28762079.
17, 31, 54577
List the prime factors of 1751048.
2, 13, 113, 149
What are the prime factors of 299179?
299179
What are the prime factors of 2484753?
3, 269, 3079
What are the prime factors of 18115449?
3, 11, 548953
What are the prime factors of 142709?
7, 19, 29, 37
What are the prime factors of 171533?
337, 509
List the prime factors of 1174682.
2, 587341
List the prime factors of 2017821.
3, 13, 31, 1669
List the prime factors of 6250867.
7, 19, 43, 1093
What are the prime factors of 996151?
13, 19, 37, 109
List the prime factors of 5248418.
2, 7, 374887
List the prime factors of 667626.
2, 3, 111271
What are the prime factors of 680674?
2, 340337
List the prime factors of 7400705.
5, 13, 41, 2777
What are the prime factors of 58037?
7, 8291
What are the prime factors of 6018010?
2, 5, 601801
List the prime factors of 658241.
71, 73, 127
List the prime factors of 238114.
2, 119057
What are the prime factors of 10855747?
7, 23, 67427
List the prime factors of 729392.
2, 45587
List the prime factors of 35736.
2, 3, 1489
What are the prime factors of 366215?
5, 73243
What are the prime factors of 173347?
173347
What are the prime factors of 201954?
2, 3, 97, 347
List the prime factors of 2267061.
3, 19, 31, 1283
List the prime factors of 808089.
3, 19, 14177
What are the prime factors of 286787?
23, 37, 337
What are the prime factors of 8069763?
3, 13, 206917
List the prime factors of 645613.
37, 17449
List the prime factors of 1167484.
2, 53, 5507
What are the prime factors of 513773?
13, 39521
List the prime factors of 413146.
2, 251, 823
List the prime factors of 7094546.
2, 89, 39857
What are the prime factors of 22003755?
3, 5, 23, 47, 59
List the prime factors of 91397.
91397
What are the prime factors of 2774488?
2, 29, 11959
What are the prime factors of 2060698?
2, 1030349
List the prime factors of 160160.
2, 5, 7, 11, 13
What are the prime factors of 147886?
2, 73943
What are the prime factors of 4158762?
2, 3, 693127
What are the prime factors of 10174949?
163, 62423
List the prime factors of 430274.
2, 13, 19, 67
List the prime factors of 50028.
2, 3, 11, 379
What are the prime factors of 1605049?
103, 15583
What are the prime factors of 9737304?
2, 3, 433, 937
List the prime factors of 1204888.
2, 150611
What are the prime factors of 257836?
2, 73, 883
List the prime factors of 195998.
2, 11, 59, 151
What are the prime factors of 5900620?
2, 5, 11, 26821
List the prime factors of 40199774.
2, 71, 283097
List the prime factors of 9656397.
3, 1072933
List the prime factors of 170003.
170003
List the prime factors of 12711.
3, 19, 223
List the prime factors of 6866362.
2, 53, 211, 307
What are the prime factors of 3786283?
23, 164621
What are the prime factors of 10776299?
10776299
List the prime factors of 278623.
278623
List the prime factors of 21586176.
2, 3, 347
What are the prime factors of 1671457?
17, 98321
List the prime factors of 1296646.
2, 13, 49871
List the prime factors of 33168441.
3, 11056147
List the prime factors of 2199882.
2, 3, 29, 47, 269
List the prime factors of 337391.
61, 5531
What are the prime factors of 1570895?
5, 211, 1489
List the prime factors of 761224.
2, 95153
What are the prime factors of 47476?
2, 11, 13, 83
List the prime factors of 4061663.
4061663
What are the prime factors of 45532?
2, 11383
What are the prime factors of 1519479?
3, 13, 37
What are the prime factors of 11287225?
5, 71, 6359
List the prime factors of 469903.
7, 67129
What are the prime factors of 1103918?
2, 551959
List the prime factors of 481608.
2, 3, 6689
What are the prime factors of 1553986?
2, 7, 101, 157
List the prime factors of 8565212.
2, 17, 125959
List the prime factors of 126056.
2, 7, 2251
List the prime factors of 1331645.
5, 7, 38047
List the prime factors of 1944364.
2, 486091
What are the prime factors of 1331367?
3, 151, 2939
List the prime factors of 18245001.
3, 139, 43753
List the prime factors of 726568.
2, 90821
List the prime factors of 7067976.
2, 3, 294499
What are the prime factors of 2476557?
3, 233, 1181
List the prime factors of 306186.
2, 3, 51031
What are the prime factors of 338856?
2, 3, 7, 2017
List the prime factors of 1247490.
2, 3, 5, 83, 167
What are the prime factors of 146125?
5, 7, 167
What are the prime factors of 192443?
53, 3631
What are the prime factors of 415566?
2, 3, 23087
List the prime factors of 91304.
2, 101, 113
List the prime factors of 443528.
2, 55441
List the prime factors of 559725.
3, 5, 17, 439
What are the prime factors of 206549?
7, 19, 1553
List the prime factors of 6106020.
2, 3, 5, 149, 683
What are the prime factors of 75483?
3, 8387
List the prime factors of 495752.
2, 31, 1999
What are the prime factors of 2714688?
2, 3, 1571
List the prime factors of 320395.
5, 139, 461
What are the prime factors of 137115?
3, 5, 11, 277
What are the prime factors of 377268?
2, 3, 149, 211
What are the prime factors of 2138089?
19, 43, 2617
What are the prime factors of 221511?
3, 47, 1571
List the prime factors of 2606499.
3, 7, 4597
What are the prime factors of 164155?
5, 32831
List the prime factors of 6723984.
2, 3, 71, 1973
What are the prime factors of 1915233?
3, 23, 41, 677
List the prime factors of 6709676.
2, 439, 3821
What are the prime factors of 23489864?
2, 2936233
What are the prime factors of 27229593?
3, 9076531
What are the prime factors of 1886292?
2, 3, 151, 347
What are the prime factors of 182044?
2, 71, 641
What are the prime factors of 939553?
227, 4139
What are the prime factors of 3258232?
2, 131, 3109
List the prime factors of 2218638.
2, 3, 67, 5519
What are the prime facto